= 2*s**3 + 5*s**2 + 16*s + 56. Determine l(-4).
-56
Let k(q) = -27*q + 316. Give k(14).
-62
Let v(a) = -3*a + 213. Calculate v(58).
39
Let r(b) = 10*b + 23. Calculate r(-13).
-107
Let z(i) = -3*i**2 + 258*i - 483. Calculate z(84).
21
Let f(c) = -2*c**2 - 105*c + 822. Give f(-59).
55
Let u(o) = -o**2 + 10*o + 12. What is u(7)?
33
Let v(u) = -9*u**2 + 79*u + 17. Calculate v(7).
129
Let q(s) = s**2 - 31*s - 142. Calculate q(-5).
38
Let b(z) = -z**2 - 74*z - 226. Determine b(-71).
-13
Let o(i) = -111*i - 882. Calculate o(-8).
6
Let z(d) = -56*d**2 + 943*d + 147. What is z(17)?
-6
Let s(n) = 2*n**2 + 3*n - 31. Calculate s(3).
-4
Let v(m) = m**2 - 64*m - 1135. Calculate v(-14).
-43
Let n(c) = c**3 - 89*c**2 + 89*c + 1. Determine n(1).
2
Let n(u) = 2*u**2 + 10*u - 20. Give n(-9).
52
Let u(o) = -o**2 - 66*o + 1489. Calculate u(-84).
-23
Let l(s) = -34*s - 2902. What is l(-79)?
-216
Let c(j) = -j**2 - 36*j + 72. Calculate c(2).
-4
Let v(p) = -p**3 + p**2 + 98*p - 290. Give v(0).
-290
Let c(h) = 3*h**2 + 48*h + 44. Give c(-15).
-1
Let q(s) = -107*s**2 - 853*s + 37. Determine q(-8).
13
Let m(i) = 45*i**2 - 15*i - 15. Determine m(-1).
45
Let o(q) = q**3 + 24*q**2 + 25*q + 18. Calculate o(-23).
-28
Let s(r) = r**2 - 25*r + 113. What is s(21)?
29
Let j(n) = -3*n**2 + 82*n + 14. Determine j(27).
41
Let b(g) = -834*g - 7469. Give b(-9).
37
Let n(q) = 15*q + 413. Determine n(-20).
113
Let j(w) = -w**2 - 48*w - 142. Determine j(-3).
-7
Let m(z) = 76*z + 1892. Determine m(-27).
-160
Let s(l) = 2*l**2 - 30*l - 87. What is s(-3)?
21
Let o(b) = 143*b - 9298. Determine o(65).
-3
Let m(t) = 75*t**2 + 144*t - 28. Calculate m(-2).
-16
Let v(p) = p**2 + 39*p + 269. Calculate v(-27).
-55
Let y(z) = z**3 - 91*z**2 + 178*z + 42. Calculate y(89).
42
Let j(m) = 15*m**3 - 60*m**2 + 29*m - 108. Calculate j(4).
8
Let h(a) = -186*a**2 + 1110*a + 27. Give h(6).
-9
Let s(v) = v**3 - 22*v**2 + 52*v - 151. Give s(20).
89
Let u(b) = -484*b + 11627. Determine u(24).
11
Let p(g) = 2*g**3 + 18*g**2 - 25*g - 11. What is p(-10)?
39
Let d(i) = -i**3 + 11*i**2 + 44*i - 18. Calculate d(14).
10
Let v(y) = 2*y**3 - 61*y**2 - 96*y - 6. Calculate v(32).
-6
Let h(q) = -5*q**2 - 48*q + 608. Determine h(-17).
-21
Let k(a) = -97*a - 696. Calculate k(-6).
-114
Let w(a) = a + 53. Give w(13).
66
Let b(a) = 7*a**3 - 52*a**2 + 103*a - 5. Calculate b(2).
49
Let n(d) = d**3 + 47*d**2 - 5*d + 5. Give n(0).
5
Let d(p) = -p**3 + 40*p**2 - 30*p - 338. What is d(39)?
13
Let y(j) = j**2 + 13*j + 20. Determine y(-2).
-2
Let b(q) = -45*q**2 - 942*q + 58. Give b(-21).
-5
Let k(p) = p**3 + 83*p**2 + 87*p + 397. What is k(-82)?
-13
Let q(r) = -r**3 - 63*r**2 - 142*r - 1218. Determine q(-61).
2
Let k(n) = 2*n**3 - 31*n**2 - 142*n + 8. Give k(-4).
-48
Let i(o) = o**3 + 14*o**2 + 53*o + 25. Give i(-10).
-105
Let n(u) = -6*u**3 - 1109*u**2 + 200*u + 2733. What is n(-185)?
-42
Let n(w) = -2*w**2 - 24*w + 31. Give n(-9).
85
Let v(i) = -2*i**3 + 437*i**2 - 2546*i - 30. Give v(6).
-6
Let o(x) = -x**2 - 106*x + 2961. What is o(-129)?
-6
Let q(d) = d**3 + 42*d**2 - 9*d - 51. Calculate q(-42).
327
Let a(b) = b**3 + 48*b**2 - 62*b + 13. What is a(-49)?
650
Let b(f) = 27*f - 227. What is b(4)?
-119
Let v(n) = -n**3 + 30*n**2 - 47*n + 1407. Give v(30).
-3
Let b(h) = 75*h - 264. Give b(7).
261
Let z(t) = -t**3 + 22*t**2 - 66*t - 17. Determine z(6).
163
Let d(n) = n**3 + 3*n**2 - 20*n + 7. Give d(-7).
-49
Let b(i) = -i**2 - 15*i + 107. Calculate b(-13).
133
Let a(o) = -o**2 + 59*o - 99. Determine a(57).
15
Let j(i) = -i**3 + 9*i**2 + 8*i + 45. What is j(10)?
25
Let h(x) = -x**2 - 40*x + 682. What is h(-45)?
457
Let x(v) = -59*v - 568. Give x(-10).
22
Let p(c) = 17*c**2 - 52*c - 25. Calculate p(8).
647
Let a(y) = 4*y**3 + 93*y**2 + 9*y - 308. Calculate a(-23).
14
Let u(h) = -43*h + 318. Give u(11).
-155
Let k(t) = -13*t**3 + 43*t**2 + 33*t + 1. Calculate k(4).
-11
Let p(o) = 90*o - 640. Give p(7).
-10
Let g(h) = 35*h + 435. What is g(-12)?
15
Let u(i) = -i**2 - 109*i - 806. Give u(-8).
2
Let s(p) = 837*p - 2551. Determine s(3).
-40
Let r(u) = u**3 - 14*u**2 - 283*u + 1031. Determine r(24).
-1
Let t(u) = 235*u - 2096. Calculate t(9).
19
Let f(q) = 4*q**3 + 35*q**2 + 57*q + 24. What is f(-7)?
-32
Let b(o) = 3*o**2 + 28*o - 260. Give b(5).
-45
Let w(l) = -6*l**2 - 86*l - 41. Calculate w(-13).
63
Let f(w) = -3*w - 108. Give f(-19).
-51
Let k(q) = -5803*q - 23218. Calculate k(-4).
-6
Let d(v) = 2*v**3 + 12*v**2 - 17*v - 2. What is d(-7)?
19
Let y(i) = -1602*i + 7979. Calculate y(5).
-31
Let g(f) = f**3 - 41*f**2 + 48*f + 409. Determine g(39).
-761
Let m(h) = h**3 - 220*h**2 - 890*h + 28. Calculate m(-4).
4
Let k(h) = -h**3 + 17*h**2 - 59*h - 88. Determine k(9).
29
Let y(j) = 25*j - 153. Calculate y(11).
122
Let k(i) = -14*i - 763. Calculate k(-55).
7
Let z(y) = 9*y**2 - y + 11. Determine z(0).
11
Let l(p) = 2*p**2 - 34*p + 57. Determine l(12).
-63
Let n(i) = -i**2 - 14*i + 298. Calculate n(-27).
-53
Let r(z) = z**3 - z**2 + 128. Determine r(0).
128
Let w(g) = -9*g**2 - 37*g - 66. Calculate w(0).
-66
Let i(c) = -10*c + 87. Determine i(-2).
107
Let p(v) = 3*v**3 + 21*v**2 + 12*v - 27. Calculate p(-6).
9
Let m(a) = a**3 - 9*a**2 - 2. Calculate m(7).
-100
Let l(a) = -a**3 - 19*a**2 - 22*a - 416. What is l(-19)?
2
Let t(i) = -39*i - 566. Determine t(-14).
-20
Let r(i) = i**3 - 37*i**2 + 34*i + 71. Determine r(36).
-1
Let h(f) = 56*f**3 + 57*f**2 - 57*f + 2. Give h(1).
58
Let a(h) = -137*h + 342. Determine a(2).
68
Let h(d) = -d**3 - 97*d**2 - 181*d + 852. What is h(-95)?
-3
Let d(z) = z**3 - 9*z**2 + 3*z - 25. Calculate d(9).
2
Let s(v) = -v**3 + 203*v**2 + 428*v - 3684. Calculate s(205).
6
Let y(k) = 4*k**2 - 2*k - 1048. What is y(-16)?
8
Let a(m) = -1851*m + 7403. Give a(4).
-1
Let z(c) = 15*c - 563. Determine z(45).
112
Let z(w) = 3*w**3 - 276*w**2 + 263*w + 913. What is z(91)?
3
Let l(p) = -175*p + 49516. Determine l(283).
-9
Let y(d) = -15*d**2 - 20*d - 69. What is y(-7)?
-664
Let p(v) = v**3 - 50*v**2 + 615*v - 1. Determine p(28).
-29
Let d(y) = 32*y - 187. Give d(7).
37
Let w(u) = u**2 - 43*u + 439. Give w(24).
-17
Let u(p) = -p**3 - 70*p**2 - 17*p - 1219. Determine u(-70).
-29
Let c(t) = 3085*t - 15420. Determine c(5).
5
Let k(i) = -3*i**2 - 114*i + 80. Calculate k(-35).
395
Let b(a) = a**2 - 23*a - 270. Give b(31).
-22
Let d(x) = 4*x**2 - 104*x - 91. Determine d(27).
17
Let u(i) = 30*i**2 + 7*i - 8. Give u(1).
29
Let g(v) = -91*v + 9296. Calculate g(102).
14
Let p(h) = 72*h - 3964. Determine p(55).
-4
Let p(b) = -642*b + 18640. Give p(29).
22
Let z(h) = -h**2 - 117*h - 1531. Calculate z(-15).
-1
Let f(d) = 7*d**2 - 899*d + 2143. Give f(126).
1
Let w(t) = t**3 - 7*t**2 - 89*t - 124. Determine w(14).
2
Let g(k) = -k**3 + 74*k**2 + 6*k - 444. Give g(74).
0
Let r(n) = 46*n + 3380. What is r(-73)?
22
Let g(y) = -4*y**3 - 17*y**2 + 9. Calculate g(-3).
-36
Let u(q) = 7*q + 145. Give u(-31).
-72
Let m(u) = 2*u**2 - 95*u - 5078. Calculate m(-32).
10
Let y(u) = -186*u + 947. What is y(5)?
17
Let u(x) = -6*x. Give u(3).
-18
Let q(b) = -21*b**2 + 90*b + 42. What is q(-6)?
-1254
Let u(l) = -546*l + 1105. Give u(2).
13
Let n(h) = 4*h**2 - 3*h + 20. Give n(-4).
96
Let u(j) = -46*j + 592. What is u(13)?
-6
Let v(b) = 2*b**2 + 8*b - 22. Give v(4).
42
Let y(b) = -b**3 - 5*b**2 + 13*b + 55. Calculate y(-4).
-13
Let t(y) = 73*y - 337. Give t(4).
-45
Let i(l) = 11*l**3 + 80*l**2 + 24*l + 15. Determine i(-7).
-6
Let j(v) = 178*v - 683. Give j(3).
-149
Let r(z) = z**2 - 21*z - 1086. Give r(-24).
-6
Let c(a) = 325*a - 28322. What is c(87)?
-47
Let o(g) = 27*g**3 - 8*g**2 - 15*g + 2. Calculate o(-1).
-18
Let c(s) = 9*s**2 + 175*s - 37. What is c(-20)?
63
Let a(z) = 2*z**3 + 623*z**2 + 22181*z - 5. Give a(-41).
-5
Let g(r) = -9*r**3 - r**2 + 76*r + 76. Calculate g(-1).
8
Let z(r) = -22*r**2 + 181*r - 185. Give z(7).
4
Let p(v) = v**3 - 23*v**2 + 37*v - 66. What is p(14)?
-1312
Let d(m) = -16*m**2 - 8*m + 8. Determine d(2).
-72
Let u(l) = 3550*l - 42606. Calculate u(12).
-6
Let u(f) = f**3 + 18*f**2 - 405*f - 69. Calculate u(-31).
-7
Let t(r) = 2*r**2 + 96*r - 65. Calculate t(-48).
-65
Let z(c) = -4846*c - 11. What is z(0)?
-11
Let a(x) = x**3 + 22*x**2 + 134*x + 2350. Calculate a(-21).
-23
Let w(j) = 635*j + 459. Determine w(-1).
-176
Let h(d) = 3*d**3 - 